 -1ac (base 15) to base 6.
-1443
Convert 2375 (base 8) to base 15.
5a2
12763 (base 8) to base 16
15f3
What is 7e65 (base 15) in base 8?
64366
-110220 (base 3) to base 7
-1005
Convert 414320 (base 5) to base 2.
11010110001110
1656 (base 10) to base 11
1276
What is -1770 (base 12) in base 13?
-138c
What is 306 (base 12) in base 14?
234
What is -412 (base 15) in base 11?
-764
What is -288 (base 9) in base 6?
-1042
What is -340 (base 15) in base 2?
-1011011111
28a5 (base 16) to base 4
2202211
1260 (base 7) to base 12
343
-9644 (base 13) to base 16
-516b
What is -22110010 (base 3) in base 2?
-1100000001111
What is -1007 (base 9) in base 6?
-3224
Convert -3212 (base 4) to base 11.
-19a
Convert -1103330 (base 5) to base 15.
-5a60
What is -758 (base 13) in base 5?
-20011
-2940 (base 16) to base 13
-4a64
-20012202 (base 3) to base 2
-1000110110001
Convert 60372 (base 8) to base 10.
24826
-1211012 (base 3) to base 10
-1328
Convert -50253 (base 9) to base 10.
-33015
-131b7 (base 14) to base 6
-1001341
What is -101 (base 2) in base 7?
-5
-13461 (base 7) to base 6
-24553
Convert c9 (base 15) to base 3.
21000
-343 (base 16) to base 8
-1503
Convert -7490 (base 10) to base 14.
-2a30
What is 2121220 (base 3) in base 12?
1136
9597 (base 12) to base 7
65530
What is 1011000001101111 (base 2) in base 10?
45167
Convert 23881 (base 10) to base 7.
126424
What is -21a (base 11) in base 5?
-2023
Convert -1145441 (base 6) to base 13.
-2191c
Convert 12032 (base 5) to base 12.
624
5585 (base 14) to base 6
152333
Convert 4a96 (base 13) to base 10.
10601
Convert -14394 (base 12) to base 11.
-1a1aa
Convert 2423201 (base 5) to base 8.
130562
21650 (base 12) to base 8
126134
What is 452 (base 7) in base 2?
11101001
Convert -10010 (base 3) to base 12.
-70
-306 (base 12) to base 13
-279
Convert 3131 (base 12) to base 8.
12365
Convert 4a98 (base 13) to base 9.
15481
What is c9 (base 14) in base 2?
10110001
What is -791 (base 10) in base 3?
-1002022
What is -8693 (base 11) in base 7?
-45313
What is -22102 (base 6) in base 2?
-101111110110
-34b8 (base 12) to base 6
-43152
-1000011 (base 3) to base 12
-511
Convert 1a28 (base 16) to base 5.
203241
Convert -1242 (base 7) to base 6.
-2103
224 (base 15) to base 2
111100100
1164 (base 16) to base 5
120302
What is -2901 (base 11) in base 13?
-1928
What is -2653 (base 7) in base 8?
-1772
Convert 220 (base 12) to base 5.
2222
-21032 (base 8) to base 2
-10001000011010
3656 (base 10) to base 14
1492
Convert -1353 (base 7) to base 11.
-440
What is -1ba0 (base 12) in base 9?
-4633
Convert 28924 (base 13) to base 4.
102213121
-2220210002 (base 3) to base 7
-326303
What is c9 (base 16) in base 3?
21110
What is 10132 (base 6) in base 11?
101a
-6a79 (base 12) to base 3
-121022210
What is -127472 (base 9) in base 4?
-102331133
-34230 (base 8) to base 5
-430423
What is 1b9 (base 13) in base 7?
636
Convert 2f2 (base 16) to base 2.
1011110010
Convert 1101100100 (base 2) to base 6.
4004
-4447 (base 15) to base 13
-677b
44222 (base 5) to base 9
4172
Convert 20951 (base 10) to base 3.
1001201222
110b (base 16) to base 7
15502
-125251 (base 6) to base 4
-2310133
Convert aa7 (base 13) to base 10.
1827
-4534 (base 6) to base 11
-88a
5514 (base 8) to base 9
3863
Convert 12301 (base 5) to base 12.
673
What is -349c (base 14) in base 12?
-536a
Convert 151152 (base 6) to base 4.
3203030
Convert -65420 (base 7) to base 2.
-11111111001011
Convert 2847 (base 9) to base 7.
6160
What is 3bc (base 16) in base 5?
12311
-33414 (base 6) to base 2
-1001001010010
What is 962 (base 10) in base 12?
682
-101101111111100 (base 2) to base 11
-16768
Convert 700 (base 11) to base 10.
847
Convert 1000011 (base 3) to base 4.
23131
43233 (base 5) to base 12
1853
11131213 (base 4) to base 6
251331
What is -3327 (base 13) in base 2?
-1101111011011
Convert -23010 (base 8) to base 6.
-113024
Convert 4017 (base 11) to base 4.
1103132
166 (base 11) to base 7
364
Convert -31110 (base 5) to base 14.
-a50
Convert -465 (base 7) to base 4.
-3303
Convert -647 (base 14) to base 3.
-1200220
Convert 18c4 (base 13) to base 12.
2191
Convert -d9 (base 16) to base 7.
-430
Convert -455 (base 11) to base 9.
-664
What is -351 (base 8) in base 3?
-22122
15a3 (base 15) to base 4
1020231
What is 11010010100 (base 2) in base 8?
3224
31203 (base 6) to base 2
1000001010011
-31 (base 11) to base 7
-46
What is 8e8 (base 16) in base 2?
100011101000
-15b9 (base 14) to base 4
-330233
Convert -4300422 (base 5) to base 13.
-269c6
Convert 173 (base 16) to base 13.
227
Convert 151 (base 7) to base 5.
320
What is -12004 (base 5) in base 11?
-72a
1a6 (base 13) to base 3
102022
Convert -1010111000101100 (base 2) to base 15.
-d328
Convert 141c (base 14) to base 12.
2082
a61 (base 13) to base 15
7ce
Convert 10411 (base 5) to base 15.
33b
-110001000110011 (base 2) to base 16
-6233
33012 (base 5) to base 14
b73
-57aa (base 15) to base 3
-221112021
-1d (base 16) to base 5
-104
What is -2501 (base 11) in base 8?
-6304
Convert -24166 (base 9) to base 8.
-37463
-133212 (base 4) to base 2
-11111100110
Convert -37d8 (base 15) to base 8.
-27177
Convert 4551 (base 9) to base 14.
1327
Convert -c12 (base 15) to base 3.
-10201122
Convert 1427 (base 14) to base 16.
deb
287a (base 11) to base 12
2199
What is 143 (base 16) in base 8?
503
51332 (base 6) to base 7
25616
-612 (base 16) to base 7
-4350
What is -130 (base 5) in base 6?
-104
-1011102 (base 3) to base 8
-1520
Convert -3ab2 (base 14) to base 13.
-4930
1010010000100001 (base 2) to base 15
c6b2
What is -10011111111011 (base 2) in base 12?
-5b0b
-625 (base 15) to base 13
-827
1001110000 (base 2) to base 13
390
What is 129b (base 12) in base 2?
100001010111
-113013 (base 6) to base 5
-302404
Convert 998 (base 16) to base 3.
10100222
Convert 181 (base 16) to base 5.
3020
10010010110011 (base 2) to base 5
300040
22620 (base 8) to base 6
112304
What is -111011011100111 (base 2) in base 13?
-10b16
10201 (base 4) to base 8
441
What is -66 (base 14) in base 5?
-330
What is -100001001000 (base 2) in base 6?
-13452
What is 374 (base 11) in base 13?
282
-3548 (base 13) to base 5
-214441
What is 1f4 (base 16) in base 12?
358
-331123 (base 5) to base 13
-526c
-376 (base 9) to base 16
-138
What is 15d85 (base 15) in base 8?
211626
What is 193 (base 14) in base 3?
110001
Convert 40440 (base 10) to base 16.
9df8
Convert -3211 (base 4) to base 6.
-1021
Convert -10241442 (base 5) to base 12.
-42502
-661 (base 8) to base 4
-12301
What is -424 (base 12) in base 11?
-4aa
What is 1036 (base 7) in base 5?
2440
1012221 (base 3) to base 9
1187
Convert -101111 (base 4) to base 13.
-674
-10100110010101 (base 2) to base 4
-2212111
What is -21b (base 15) in base 3?
-122122
Convert -143b8 (base 13) to base 8.
-112167
What is -11111101000 (base 2) in base 11?
-1580
What is 20b1 (base 13) in base 12?
2762
Convert -21241 (base 6) to base 13.
-1426
1511 (base 6) to base 12
297
-11506 (base 10) to base 9
-16704
What is 6483 (base 13) in base 11?
a546
What is 6035 (base 7) in base 16?
824
What is 80 (base 12) in base 11?
88
Convert -72cb (base 15) to base 6.
-304202
Convert 24161 (base 9) to base 13.
7492
2e26 (base 15) to base 3
111122000
What is 15b7 (base 15) in base 8?
11100
Convert 1a80a (base 12) to base 7.
222136
Convert -3b2 (base 16) to base 7.
-2521
What is 2211 (base 4) in base 14?
bb
Convert 253 (base 7) to base 9.
161
-220200 (base 4) to base 9
-3500
What is 522 (base 7) in base 3?
100200
Convert -4074 (base 8) to base 13.
-c62
Convert 1d7 (base 15) to base 7.
1150
Convert 1348 (base 9) to base 4.
33320
220 (base 11) to base 8
410
Convert -543103 (base 6) to base 11.
-30693
What is 573 (base 9) in base 8?
727
12b3 (base 16) to base 7
16646
What is 1500 (base 16) in base 11?
4048
775 (base 9) to base 2
1001111011
Convert 61603 (base 9) to base 3.
2001200010
What is 2c2 (base 16) in base 10?
706
Convert -33825 (base 9) to base 12.
-11065
What is b315 (base 16) in base 3?
2022212222
Convert 33562 (base 7) to base 8.
20511
-26431 (base 10) to base 12
-13367
What is -110100110010 (base 2) in base 7?
-12564
11c6b (base 15) to base 3
2212220202
1128 (base 14) to base 9
4066
What is -dd1 (base 16) in base 8?
-6721
6555 (base 8) to base 13
1745
Convert 100010101110 (base 2) to base 6.
14142
100210121 (base 3)